**2 + 5*m + 5. What is the tens digit of t(-6)?
8
Let u(a) = 3*a**3 - 17*a**2 - 40*a + 8. Let j be u(14). Suppose -28*r = -12636 + j. What is the units digit of r?
6
Suppose -17*g + 15*g = -14. Suppose 3*h - 1 = j + g, 3 = 3*j. Suppose 2*b - 2*l - h*l - 94 = 0, -167 = -3*b + l. What is the units digit of b?
7
Let m = -42097 - -85800. What is the ten thousands digit of m?
4
Suppose 4*k + h = 1399, 1053 = -4*k + 7*k + 2*h. Let v = -148 + k. What is the tens digit of v?
0
Suppose -287010 = -39*q - 55*q + 1115282. What is the ten thousands digit of q?
1
Suppose 14*r - 18 = 10. Let p(c) = 4*c**2 + 1 + 2 + 0*c**2 - 5*c. What is the units digit of p(r)?
9
Let s = 325 - 294. Let x(t) = -t**2 + 41*t + 70. What is the tens digit of x(s)?
8
Let y(i) = -i**3 + 10*i**2 + 12*i + 21. Let t be y(11). Suppose t*q - 4331 = 5333. What is the tens digit of q?
0
Let t(l) be the third derivative of 87*l**5/10 + l**4/6 - l**3 + 14*l**2 + 2*l. What is the units digit of t(1)?
0
Let a(u) = 15*u + 6. Let i be a(7). Let q = 1556 - 1017. Suppose -z + i = -4*g, 5*z - 2*g - q = 2*g. What is the tens digit of z?
0
Let g be 15/(-80)*4*-120. Let b = 10 + -10. Suppose b = 10*q - 11*q + g. What is the tens digit of q?
9
Suppose -78*j = -77*j + 2*q - 3752, 0 = -2*j - 5*q + 7500. What is the thousands digit of j?
3
Let t(n) = -n**3 + 7*n**2 + n + 58. Let h be t(8). Suppose 2*g + 2114 = 3*y, -h*y - 30*g + 1396 = -34*g. What is the hundreds digit of y?
7
Suppose c + 2*c = -5*c + 34400. What is the units digit of c?
0
Let l(p) = -p + 26. Let m be l(21). Suppose 0 = m*j + 4*k - 1565, -3*k = 3*j - 178 - 764. What is the hundreds digit of j?
3
Let a = -234 + 227. Let f(x) = -40*x - 132. What is the units digit of f(a)?
8
Let k be (-3)/(-2) + 29/58. What is the hundreds digit of 3/k - 3/(6/(-331))?
1
Suppose -6*p = -2*o - p + 13, -4*o - p = -15. Suppose -o = -7*h - 4. What is the hundreds digit of (4 - (3 + h))/(2/256)?
1
Let r = -135 - -174. What is the tens digit of (-2 - r)*(2 + -5)?
2
Let k be 403 - (-3 + 7/2)*0. Suppose 5*m + 3*t - k = 0, 3*m + 4*t - 233 = -0*t. Let q = 143 - m. What is the units digit of q?
0
Let n = -2206 - -3258. What is the hundreds digit of n?
0
What is the tens digit of (-66)/(-9)*(-102)/187 - (-17793 + -1)?
9
Let t be (-652)/5*155/(-62). Let d = t + -9. What is the hundreds digit of d?
3
Suppose -4*z = -w - 22369, -5*w - 16764 = 7*z - 10*z. What is the tens digit of z?
9
Let d(x) = 2*x - 12. Let y be d(13). Let c be (-17)/51 + ((-2906)/(-6) - 0). Suppose y*j - 18*j + c = 0. What is the units digit of j?
1
Suppose 0 = -4*q + 2*q. Suppose -4*v + 2 = 2*h, q = h + 5*v + 7 - 5. Suppose 5*u + 320 = 2*i, h*i = -4*u + 400 + 80. What is the units digit of i?
0
Suppose -86*h + 91*h - 30 = 0. Suppose 0 = h*m - 3830 + 380. What is the hundreds digit of m?
5
Let c(o) be the second derivative of -11/2*o**2 + 27*o - 7/2*o**3 + 0. What is the tens digit of c(-2)?
3
Let d(o) = 5*o**2 + 5*o**2 + 5*o + 2*o**3 - 3*o**3 - 3 - 2*o**2. Let s = -93 - -101. What is the tens digit of d(s)?
3
Suppose 0 = 4*i - 225 + 97. Let h = i - 30. Suppose 3*m = q - 190, 3*q - 570 = -0*q - h*m. What is the hundreds digit of q?
1
Let i = -163 + 160. Let s(v) = 29*v**2 + 10*v + 2. What is the units digit of s(i)?
3
Let d = -250 - 37. Let g = 815 - d. What is the units digit of g?
2
Suppose 3 = 7*c + 31. Let r(g) = 30*g**2. Let b be r(-1). Let s = c + b. What is the tens digit of s?
2
Suppose 0 = 4*x - o + 3*o - 652, 6 = -3*o. Let p = -438 - -376. Let l = x + p. What is the units digit of l?
2
Suppose 0 = 3*m - g - 1565 - 210, g = -5*m + 2953. What is the units digit of m?
1
Let d be (-6820)/(-9) + (-92)/(-414). What is the tens digit of 18*(d/12 - (-60)/45)?
6
Suppose -62950 = 151*v - 132*v - 343295. What is the units digit of v?
5
Suppose -n - 144 = -k, 5*k - 583 = -5*n + 177. Let h = -147 + k. What is the units digit of h?
1
Suppose -4*y + 4*i + 5 = -3, 5*i = -y + 8. What is the tens digit of y - (3 + -5) - -227?
3
Let y(f) = f**2 - f + 2. Let m be y(2). Suppose 3*v - t = 4*t - 16, -v + 2*t = 7. Suppose -12 = -v*j, m*o + 2*j + 105 = 265. What is the tens digit of o?
3
Suppose -48*t = -47*t - 188. Suppose t = 2*c + 2*g, 3*c - g - 432 = -150. Suppose 2*b - 108 = -c. What is the units digit of b?
7
Let g = 81 + -79. Suppose 0 = 2*p - x - 851, -g*p + 3*x + 857 = -0*p. Suppose -140 = -6*y + p. What is the units digit of y?
4
Let r(v) = 121*v**2 - 15*v - 122. What is the units digit of r(10)?
8
Let q(z) = 7*z - 11. Let h be q(2). Suppose 2 + 13 = h*x. Suppose 385 = x*d - 295. What is the units digit of d?
6
Let f = -4321 + 5971. What is the thousands digit of f?
1
Let x be (15/4 - -5)*108. Let j = x - 641. What is the tens digit of j?
0
Let h(m) = m**3 - 8*m**2 - 14*m - 8. Let s be h(8). Let r be (8/(-6))/(-1 + (-112)/s). Let f(o) = 3*o**2 - 48*o + 29. What is the tens digit of f(r)?
6
Let z = 2148 + -2035. What is the tens digit of z?
1
Suppose 3*a + 6 = 15. Suppose 3*p + 21 = 4*z - z, -a = p. What is the units digit of z/(-10) + 1449/35?
1
Suppose 5*a - 3*d = 17394, -13922 = -4*a + 3*d - 4*d. Suppose -13*l = -23*l + a. What is the hundreds digit of l?
3
Let g = -12 - -53. Suppose g = -2*f + 45. What is the tens digit of f/9 + (-7640)/(-45)?
7
Let z(j) = 1002*j - 438. What is the tens digit of z(11)?
8
Let x(z) = z - 19. Let i be x(17). Let w be (-1)/(-2) - i/(-4). Suppose w = -l + 4*l + v - 137, 0 = -3*v - 3. What is the units digit of l?
6
Let q(j) = 152*j + 412. Let v(r) = -4*r + 2. Let n(k) = -q(k) + 5*v(k). What is the tens digit of n(-12)?
6
Let u(k) = -2*k**2 - 3*k - 3. Let c be u(-6). Let z = c - -16. What is the tens digit of (-5 - (6 + -10))/(1/z)?
4
Let y be 430/(6 - (2 - -3)). What is the tens digit of (y/172)/((-1)/(-466))?
6
Let s(i) = -2985*i + 3373. What is the tens digit of s(-3)?
2
Let w be (-486)/117 - 2/(-13). What is the units digit of (w - 0/3)*-11?
4
Suppose -57*g + 1699440 = -12*g + 52*g. What is the hundreds digit of g?
5
Let b = 74 + 30. Let d = b + -102. Suppose 4*x - 360 = -2*j, 3*x - 183 = d*j + 94. What is the tens digit of x?
9
Suppose 0 = 4*q - 9*q, x = -4*q + 25395. Suppose b - x = -14*b. What is the thousands digit of b?
1
What is the tens digit of 4 - (426/36 - 12 - (-509206)/(-12))?
3
Suppose 0 = 23*h - 6019 + 4494 - 15587. What is the tens digit of h?
4
Suppose -2*d + 17592 = -5*m, -3*m - 15 = -3. What is the hundreds digit of d?
7
Let x(d) = -1109*d - 1514. What is the tens digit of x(-5)?
3
Suppose l - 4843 = -4*p, -l - 13*p = -8*p - 4839. What is the units digit of l?
9
Let x = 324 - 221. Suppose -z + x = -48. What is the units digit of z?
1
Let s = -20030 + 47526. What is the hundreds digit of 5/(210/s) - (-1)/3?
6
Suppose 4*s + 32 = 4*a, -2*a = -a + 4*s + 17. Let d be (-1)/2*(-2 + 2). Suppose 0 = -a*w - d*w + 117. What is the tens digit of w?
3
Let k = 165 - 49. Let g = k + 111. What is the tens digit of g?
2
Suppose -316157 - 720707 - 161602 = -34*k. What is the tens digit of k?
4
Let i(a) = 791*a**2 + 66*a - 16. What is the hundreds digit of i(-5)?
4
Suppose d + 3*y = y - 11, 3*d + 4*y = -27. Let k(c) be the second derivative of c**4/12 - 7*c**3/6 + c**2/2 - 6*c. What is the tens digit of k(d)?
6
Let y be (22/(-4) - -6)*-38. What is the units digit of (197448/(-16))/y*4/6?
3
Let a(j) = 1 - 2 - 21*j**2 + 23*j**2 - j. Let q be 1/(-4) + (-50)/(-8). What is the units digit of a(q)?
5
Suppose -5*w = 4*d - 5*d + 14180, 4*w = d - 14180. What is the tens digit of d?
8
Let w = 24 - 21. Let s(q) = -w - 80*q - 72*q + 131*q. What is the units digit of s(-3)?
0
Let x be (-71375)/(-175) - 2/(-14). Let y = x + -335. What is the units digit of y?
3
Suppose 5*o + 6*c = 30136, 53*c - 57*c + 12048 = 2*o. What is the hundreds digit of o?
0
Let y = -161 - -164. What is the hundreds digit of -223*((-6)/y - 0)?
4
Suppose f + 15*f - 960 = 0. Let s = 128 - f. Let g = 190 - s. What is the hundreds digit of g?
1
Let s = -4684 + 22184. What is the ten thousands digit of s?
1
Suppose 3*p - 1193 = 2*w + 607, -4*p + 4*w = -2400. Suppose 5*g - p = -210. What is the tens digit of g?
7
Let w = 66 + -66. Let a(x) = -2*x**2 + 5*x**2 + 6*x + w*x**2 - 13. What is the units digit of a(7)?
6
Suppose -5*z + x - 2*x = 0, z = -4*x. Let v be z - -54 - (-27)/9. Let i = v + -2. What is the tens digi